-271). Suppose 0 = -3*z - 5*z + h. List the prime factors of z.
2, 17
Let u(t) = -t**3 - 5*t**2 - t + 8. Let q(j) = j + 1. Let h(s) = -3*q(s) + u(s). Let i be h(-4). Let z(k) = 6*k**2 - 10*k + 3. List the prime factors of z(i).
103
Suppose 0 = 4*v + 4 + 16. Let o be ((-2)/v)/(-1) + 597/5. Let j = -72 + o. What are the prime factors of j?
47
List the prime factors of 27*(-73967)/(-68) - (-2)/(-8).
43, 683
Let y be -2 - 2 - (5 + -4). Let p(h) = 2*h**2 + 2*h - 18. What are the prime factors of p(y)?
2, 11
Let m(t) = -5*t**3 + 3*t**2 - 5*t + 3. Let j be m(2). Suppose 4*v + 5*b = v + 1, 4*v = -2*b + 6. What are the prime factors of (-456)/(-21) + ((-80)/j - v)?
2, 11
Suppose -5*v - 2*l + 369627 + 12502 = 0, -229293 = -3*v + 4*l. What are the prime factors of v?
13, 5879
Let n = 243 + -251. List the prime factors of (-1665 - n)*-1 + 2.
3, 7, 79
Suppose o + 2451 = 3*g, 0 = -17*o + 22*o + 15. Suppose 825*t = g*t + 4968. What are the prime factors of t?
2, 3, 23
Let a be 2*2*2/4. Suppose -4*c + 7 = -9. Suppose -c*j = -a*j - 130. What are the prime factors of j?
5, 13
Let s = -6716 + 10607. List the prime factors of s.
3, 1297
Suppose -4*w + 205193 = 5*i, -3*i + 10864 = -5*w - 112311. List the prime factors of i.
5, 8209
Let h(w) = -w**2 - 7*w + 2. Let b be h(-7). Suppose -o = -b*o + 74. What are the prime factors of o/(-7)*-4 + 52/(-182)?
2, 3, 7
Let u(c) = c**3 + 81*c**2 + 143*c - 1467. List the prime factors of u(-52).
3, 17, 29, 47
Suppose -4*i + 5*w = -43863, 20*i = 16*i - 3*w + 43839. List the prime factors of i.
2, 3, 7, 29
Let z be 3687/15 + 12/10 + -2. List the prime factors of (-2 - -4)/(((-10)/z)/(-1)).
7
Let v = -120 + 123. Let n be v - (6 + 0 + -1). List the prime factors of n/(-8) - 238/(-8).
2, 3, 5
Let y be -4*(3/2)/(30/(-325)). Let m be 346/10 - (-26)/y. Let i = m - -11. List the prime factors of i.
2, 23
Suppose -2*f + 0*n + 3*n + 14324 = 0, -4*f + 4*n + 28640 = 0. Suppose 1775 = 13*o - f. List the prime factors of o.
3, 229
What are the prime factors of 72/90 - (-22036)/5?
2, 19, 29
Let h(r) = 5*r**2 - 39*r + 12. Let z be h(8). What are the prime factors of -8*(-7 + (-1205)/z)?
2, 269
Let h = -43 + 56. Let r(g) = 5 - 2*g + 2 + 3 - h*g. What are the prime factors of r(-3)?
5, 11
Let p = 105433 - 69571. What are the prime factors of p?
2, 3, 43, 139
Suppose -8 = -4*i + 8. Suppose 0 + 6 = 2*a + 3*x, 34 = 2*a - i*x. What are the prime factors of (-6)/(-27) - (-1123)/a?
5
Let v = -6015 + 13091. List the prime factors of v.
2, 29, 61
Suppose 439 + 639 = 11*c. Suppose -c = 8*p - 7*p. Let w = 264 + p. What are the prime factors of w?
2, 83
Let a(t) = 20*t + 18*t - 15*t + 17 + 8*t. Let r be a(2). Suppose -3*v + r + 227 = 0. List the prime factors of v.
2, 3, 17
Suppose 0 = -h - 19*t + 15*t + 8191, -h + 8197 = 5*t. What are the prime factors of h?
8167
Let a = -87 + 87. Let f be 0 + -3 + (a - (0 - 47)). Suppose 23*c = 21*c + f. List the prime factors of c.
2, 11
Suppose -62*p = -57*p. Suppose 5*i = 6*i - 5, -3*j + 5*i + 305 = p. What are the prime factors of j?
2, 5, 11
Let q(l) = 4048*l + 16. Let a be q(2). Suppose 2*s - a = -14*s. List the prime factors of s.
3, 13
Suppose 5*u - 6*u - 2 = 0. Let q be 120/(-18)*2/u*-3. Let a = q - -140. List the prime factors of a.
2, 3, 5
Let m(f) = -f**3 + 6*f**2 + 18*f - 12. Let n be m(8). List the prime factors of (-2610)/(-6 + 0) - (n + -2).
433
Suppose 16*l - 19*l + 33 = 0. Suppose l*b - 56 = -3*b. Suppose 4*m = b*z - 12 + 4, m = -3*z + 6. List the prime factors of z.
2
Suppose 6 = 11*s - 10*s. Let c(l) = -5*l - 5 + 10 + 3*l**3 - s*l**3 - 8 - 3*l**2. List the prime factors of c(-3).
2, 3, 11
List the prime factors of (50/2)/((-15483)/(-774) + -20).
2, 3, 5, 43
Let t be -2 + (-12)/(-5)*(-110)/33. Let o(b) = -b**2 - 12*b - 19. Let z be o(t). What are the prime factors of (-1*(0 + 1))/(z/(-79))?
79
Suppose -1268 - 4864 = -6*x. What are the prime factors of x?
2, 7, 73
Let o(s) = s**3 - 13*s**2 - 7*s + 6. Let z be o(10). Let l = z + 770. List the prime factors of l.
2, 7, 29
Let q(v) = v**2 + 21*v - 70. Let n be q(-27). Suppose -n*a - 3108 = -104*a. What are the prime factors of a?
7, 37
Let h(r) = 5*r**2 + 21*r + 48. Let y = -135 + 123. List the prime factors of h(y).
2, 3, 43
Suppose -4*r + 80 = 32. Let u(a) = 4*a**2 - 5*a + 7. List the prime factors of u(r).
523
List the prime factors of (-1198092)/21*1/(-4).
17, 839
Let t = 3881 + -331. List the prime factors of t.
2, 5, 71
Let x = -3 - 55. Suppose 0 = -2*i - 5*c - 138, i + 73 = 4*c + 17. Let t = x - i. What are the prime factors of t?
2, 3
Let p(v) = -23*v**2 + 1704*v - 27. What are the prime factors of p(40)?
31333
Let k be (0 + 13)/((-2)/(-137 - 7)). Suppose -k = -5*o - 4*a, -3*o + 716 = o - 5*a. What are the prime factors of o?
2, 23
What are the prime factors of 100/16*78048/120?
3, 5, 271
Let i = -475 - -437. Suppose 38 = -4*s - 18. Let n = s - i. What are the prime factors of n?
2, 3
Suppose -43 = 4*k - 55. Suppose -3*p + 886 = -0*p - 5*m, -k*p + 4*m + 887 = 0. Suppose 0 = -16*l + 7*l + p. List the prime factors of l.
3, 11
Let u(h) = h**2 - h. Let c be (-10)/15*-3 - -1. Let m be u(c). Suppose 195 = m*v - 87. What are the prime factors of v?
47
List the prime factors of (-1)/((-11)/1709) - (-940)/(-2585).
5, 31
Let n be ((-2)/7)/((-20)/210). Suppose 0 = -2*j + 4*h + 1828, -n*j + 7*j = -3*h + 3656. What are the prime factors of j?
2, 457
Suppose -v - w + 8 = 0, 0 = -2*w + 4. Suppose 0 = 4*f - 3*k - 12, 141*f + 5*k - 3 = 140*f. Suppose -f*u = -v*u + 111. What are the prime factors of u?
37
Let b(j) = -2*j**2 + 23*j - 20. Let d be b(17). List the prime factors of ((-12)/(-9))/(-4 - 830/d).
2, 3, 23
Let n be (-7966)/(-6) - 6/(-18). Suppose 6*i - 1396 = n. List the prime factors of i.
2, 227
Let w = 44 + -67. Let h = w - -15. List the prime factors of 8 + h - 248/(-2).
2, 31
Let h = -113 - 108. Let y = -133 - h. What are the prime factors of y?
2, 11
Let s be (-208)/(-3)*2/(-8)*-12. Suppose v + 381 = 4*v. Let g = s - v. What are the prime factors of g?
3
Suppose 0*q - 41 = -4*p + q, 2*p + q - 19 = 0. Let b = 0 + p. What are the prime factors of 8/(((-4)/b)/(16/(-20)))?
2
Suppose 33757*f - 88790 = 33755*f. What are the prime factors of f?
5, 13, 683
Let g = 105 - 105. Suppose 4*i + g*i = -2*d + 574, -1123 = -4*d - 3*i. What are the prime factors of d?
277
Let u(v) = -2*v - 2. Let m(z) = -32*z - 52. Let l(g) = -2*m(g) + 22*u(g). List the prime factors of l(19).
2, 5, 11
What are the prime factors of (-42 - 104)*(81/(-1) - (4 + -6))?
2, 73, 79
Let a(l) = 6*l + 45. Let p be a(5). Suppose 0*d + 94 = -3*t - d, 5*d + 50 = -t. Let i = p + t. What are the prime factors of i?
3, 5
Suppose -14*s + 13*s - 3*j = -9527, s = j + 9495. What are the prime factors of s?
13, 17, 43
Let b = -20209 - -31908. List the prime factors of b.
11699
Let y(r) = r**2 - 2*r + 5. Let o be y(4). Let z = 1737 + -1731. What are the prime factors of 6/((-20)/z*o/(-65))?
3
Let g(c) = -183*c**3 - 6*c**2 - 6*c + 11. List the prime factors of g(-4).
61, 191
What are the prime factors of -5 + ((-105996)/24)/(1/(-2))?
2, 2207
Let p(h) = 4*h**3 - h**2 - h. Let v be p(1). List the prime factors of ((-39)/(-2))/(3/v).
13
Let t(m) = m**3 - 55*m**2 + 138*m - 462. What are the prime factors of t(55)?
2, 3, 11
Suppose -6*x + x + 5*h - 650 = 0, x - 3*h + 132 = 0. Let g = x + 126. What are the prime factors of (-9 - -7)/(g/165)?
2, 5, 11
Suppose -5*d - 40 = -10*d. Suppose d*j - 1002 = 630. Suppose 3*q + j = 7*q. List the prime factors of q.
3, 17
Let s = 136 - 140. List the prime factors of 162 - (-2)/s*(-52)/13.
2, 41
Let w(g) = -12*g + 26. Let p(h) = h + 2. Let l(m) = -5*p(m) - w(m). Let f be l(6). What are the prime factors of -3*(-250)/f*7/7?
5
What are the prime factors of -4 - 455635/(-15) - ((-80)/(-15))/8?
11, 251
Let u be 54/13 - (-44)/(-286). Suppose -3*d + u*d - 3*g = 296, 8 = 2*g. List the prime factors of d.
2, 7, 11
Let m(t) be the third derivative of 17*t**5/60 + 13*t**4/24 - 7*t**3/3 - 11*t**2 - t. What are the prime factors of m(7)?
2, 5, 7, 13
Suppose -4*m = -13*m. Suppose m = -3*l + 566 + 826. What are the prime factors of l?
2, 29
Let z(c) = -2 + 9 + 13*c**2 + 11*c - 12*c**2 + 21. List the prime factors of z(-12).
2, 5
Suppose -58*p = -3*p - 979000. What are the prime factors o